{"id":1178,"date":"2022-01-05T08:35:54","date_gmt":"2022-01-05T07:35:54","guid":{"rendered":"https:\/\/www.3d-innowacje.pl\/sklep\/?post_type=product&#038;p=1178"},"modified":"2024-01-10T17:00:39","modified_gmt":"2024-01-10T16:00:39","slug":"flex-filament-plexiwire-175-mm-czarny-0-9kg-300m","status":"publish","type":"product","link":"https:\/\/3d-innowacje.pl\/sklep\/produkt\/materialy-do-druku\/filamenty\/flex-filament-plexiwire-175-mm-czarny-0-9kg-300m\/","title":{"rendered":"FLEX Filament TPU 90A Plexiwire 1,75 mm Czarny 0.9kg\/300m"},"content":{"rendered":"<div class=\"mpof_ki myre_zn myre_8v_l _0d3bd_YrWCD\">\n<div class=\"mp4t_16_s mryx_16_s mr3m_1 mli2_1 mh85_56 mh85_0_l\">\n<div class=\"mgn2_16 _0d3bd_5pK0q\">\n<p class=\"def\"><strong><span class=\"def\">Filament: Plexiwire FLEX<\/span><\/strong><\/p>\n<p class=\"def\"><span class=\"def\">G\u0142\u00f3wn\u0105 cech\u0105 wyr\u00f3\u017cniaj\u0105c\u0105 filament FLEX jest jego elastyczno\u015b\u0107 i odporno\u015b\u0107 na zginanie, rozci\u0105ganie i \u015bcieranie.<\/span><\/p>\n<p class=\"def\"><span class=\"def\">Plastik ten ma doskona\u0142\u0105 przyczepno\u015b\u0107, charakteryzuje si\u0119 niskim skurczem oraz odporno\u015bci\u0105\u00a0 na agresywne substancje( oleje, smary i\u00a0 rozpuszczalniki).<\/span><\/p>\n<p class=\"def\"><span class=\"def\">FLEX posiada szeroki zakres temperatur pracy od -40 do +70. Produkty zrobione z niego mo\u017cna wielokrotnie rozci\u0105ga\u0107 a i tak zachowaj\u0105\u00a0 swoje w\u0142a\u015bciwo\u015bci.<\/span><\/p>\n<p class=\"def\"><strong><span class=\"def\">Zastosowanie filamentu FLEX<\/span><\/strong><\/p>\n<p class=\"def\"><span class=\"def\">Filament FLEX s\u0142u\u017cy mi\u0119dzy innymi\u00a0 do drukowania ochronnych element\u00f3w maszyn oraz uszczelek. U\u017cywany jest r\u00f3wnie\u017c\u00a0 do prototypowania wyrob\u00f3w gumowych jak i do drukowania element\u00f3w t\u0142umi\u0105cych i chroni\u0105cych\u00a0 przed drganiami.<\/span><\/p>\n<p class=\"def\"><span class=\"def\">Ze wzgl\u0119du na swoje w\u0142a\u015bciwo\u015bci filament mo\u017cna wykorzysta\u0107 do wydruku dowolnego produktu, kt\u00f3rego zastosowanie wymaga takich w\u0142a\u015bciwo\u015bci jak elastyczno\u015b\u0107. Idealny jest do wyrob\u00f3w wymagaj\u0105cych wielokrotnego zginania i wyginania(\u00a0 elementy but\u00f3w czy cz\u0119\u015bci samochodowe).<\/span><\/p>\n<p class=\"def\"><strong><span class=\"def\">Wskaz\u00f3wki dotycz\u0105ce druku FLEX<\/span><\/strong><\/p>\n<p class=\"def\"><span class=\"def\">Elastyczno\u015b\u0107 tworzywa FLEX wymaga specjalnego podej\u015bcia do druku:<\/span><\/p>\n<p class=\"def\"><span class=\"def\">Po pierwsze:\u00a0 zalecana jest niska pr\u0119dko\u015b\u0107 drukowania: oko\u0142o 30 mm\/s .<\/span><\/p>\n<p class=\"def\"><span class=\"def\">Po drugie: je\u015bli masz drukark\u0119 z podajnikiem Bowdena, drukowanie b\u0119dzie znacznie trudniejsze.<\/span><\/p>\n<p class=\"def\"><span class=\"def\">Wed\u0142ug opinii naszych klient\u00f3w bezpo\u015brednie\u00a0 podawanie filamentu do ekstrudera pomo\u017ce unikn\u0105\u0107 trudno\u015bci w pracy.<\/span><\/p>\n<p class=\"def\"><span class=\"def\">Po trzecie:\u00a0 Post\u0119puj zgodnie z zaleceniami dotycz\u0105cymi temperatury i pr\u0119dko\u015bci.<\/span><\/p>\n<p class=\"def\"><span class=\"def\">W zwi\u0105zku z tym, \u017ce filament FLEX \u0142atwo si\u0119 odkszta\u0142ca w dyszy, zalecamy u\u017cycie oddzielnej dyszy do tego filamentu (pozosta\u0142o\u015bci starych nici innych typ\u00f3w mog\u0105 znacznie skomplikowa\u0107 proces)<\/span><\/p>\n<p class=\"def\"><span class=\"def\">Po czwarte: FLEX dobrze wch\u0142ania wilgo\u0107, dlatego wa\u017cne jest, aby przestrzega\u0107 warunk\u00f3w przechowywania.<\/span><\/p>\n<p class=\"def\"><span class=\"def\">Po pi\u0105te: W trakcie pracy\u00a0 nale\u017cy zapewni\u0107 swobodny przebieg nici bez \u017cadnego oporu, aby nie dosz\u0142o do deformacji modelu.<\/span><\/p>\n<\/div>\n<\/div>\n<\/div>\n","protected":false},"excerpt":{"rendered":"<div class=\"mpof_ki myre_zn myre_8v_l _0d3bd_YrWCD\">\n<div class=\"mp4t_16_s mryx_16_s mr3m_1 mli2_1 mh85_56 mh85_0_l\">\n<div class=\"mgn2_16 _0d3bd_5pK0q\">\n<p>Plexiwire FLEX to termoelastoplast na bazie termopoliuretanu (TPU), kt\u00f3ry \u0142\u0105czy w sobie w\u0142a\u015bciwo\u015bci gumy i tworzywa sztucznego. Filament ten charakteryzuje si\u0119 doskona\u0142\u0105 przyczepno\u015bci\u0105 i niskim skurczem. Jest odporny na: obci\u0105\u017cenia udarowe , zginanie, \u015bcieranie oraz oleje, smary oraz wiele rozpuszczalnik\u00f3w.<\/p>\n<\/div>\n<\/div>\n<\/div>\n<div class=\"mpof_ki myre_zn myre_8v_l _0d3bd_YrWCD\">\n<div class=\"mp4t_16_s mryx_16_s mr3m_1 mli2_1 mh85_56 mh85_0_l\">\n<div class=\"mgn2_16 _0d3bd_5pK0q\">\n<p>&nbsp;<\/p>\n<\/div>\n<\/div>\n<\/div>\n","protected":false},"featured_media":1179,"comment_status":"open","ping_status":"closed","template":"","meta":[],"product_brand":[],"product_cat":[17,131],"product_tag":[],"class_list":{"0":"post-1178","1":"product","2":"type-product","3":"status-publish","4":"has-post-thumbnail","6":"product_cat-filamenty","7":"product_cat-tpu","9":"first","10":"instock","11":"taxable","12":"shipping-taxable","13":"purchasable","14":"product-type-simple"},"_links":{"self":[{"href":"https:\/\/3d-innowacje.pl\/sklep\/wp-json\/wp\/v2\/product\/1178","targetHints":{"allow":["GET"]}}],"collection":[{"href":"https:\/\/3d-innowacje.pl\/sklep\/wp-json\/wp\/v2\/product"}],"about":[{"href":"https:\/\/3d-innowacje.pl\/sklep\/wp-json\/wp\/v2\/types\/product"}],"replies":[{"embeddable":true,"href":"https:\/\/3d-innowacje.pl\/sklep\/wp-json\/wp\/v2\/comments?post=1178"}],"wp:featuredmedia":[{"embeddable":true,"href":"https:\/\/3d-innowacje.pl\/sklep\/wp-json\/wp\/v2\/media\/1179"}],"wp:attachment":[{"href":"https:\/\/3d-innowacje.pl\/sklep\/wp-json\/wp\/v2\/media?parent=1178"}],"wp:term":[{"taxonomy":"product_brand","embeddable":true,"href":"https:\/\/3d-innowacje.pl\/sklep\/wp-json\/wp\/v2\/product_brand?post=1178"},{"taxonomy":"product_cat","embeddable":true,"href":"https:\/\/3d-innowacje.pl\/sklep\/wp-json\/wp\/v2\/product_cat?post=1178"},{"taxonomy":"product_tag","embeddable":true,"href":"https:\/\/3d-innowacje.pl\/sklep\/wp-json\/wp\/v2\/product_tag?post=1178"}],"curies":[{"name":"wp","href":"https:\/\/api.w.org\/{rel}","templated":true}]}}