{"id":285,"date":"2021-08-08T09:27:16","date_gmt":"2021-08-08T07:27:16","guid":{"rendered":"http:\/\/www.3d-innowacje.pl\/sklep\/?post_type=product&#038;p=285"},"modified":"2024-10-19T12:20:11","modified_gmt":"2024-10-19T10:20:11","slug":"teknofibra-8020-mata-termiczna","status":"publish","type":"product","link":"https:\/\/3d-innowacje.pl\/sklep\/produkt\/materialy-termo-izolacyjne\/teknofibra-8020-mata-termiczna\/","title":{"rendered":"TEKNOFIBRA 8020  ultralekka mata termiczna r\u00f3\u017cne grubo\u015bci ( rozmiar 1mx1,2m )"},"content":{"rendered":"<p>Os\u0142ony termiczne Teknofibra\u00ae s\u0105 nietoksyczne oraz ca\u0142kowicie bezpieczne.<\/p>\n<p>Powsta\u0142y g\u0142\u00f3wne z my\u015bl\u0105 o zastosowaniu w lotnictwie oraz sportach wyczynowych.<\/p>\n<p>Maj\u0105 posta\u0107 lekkich i cienkich samoprzylepnych mat. Wyst\u0119puj\u0105 w nast\u0119puj\u0105cych grubo\u015bciach: 0,9mm | 2mm |4mm | 6mm | 10mm<\/p>\n<p>Teknofibra zapewnia bardzo niski wsp\u00f3\u0142czynnik przenikania ciep\u0142a.<\/p>\n<p>W przypadku po\u017caru produkty os\u0142ony termiczne Teknofibra nie pal\u0105 si\u0119 ani nie wytwarzaj\u0105 toksycznych\/niebezpiecznych emisji! Maty dodatkowo poch\u0142aniaj\u0105 d\u017awi\u0119k\u00a0 i ograniczaj\u0105 przez to emisj\u0119 ha\u0142asu.<\/p>\n<p>Najl\u017cejszy produkt na rynku, kt\u00f3ry zapewnia tak niski stopie\u0144 przewodno\u015bci cieplnej!<\/p>\n<p>Produkt sprzedawany jest z rolki na metry bie\u017c\u0105ce. Cena dotyczy maty 4mm, szeroko\u015b\u0107 rolki 1,2m. Kupuj\u0105c 1szt. kupujesz 1metra bie\u017c\u0105cy czyli 1,2m2<\/p>\n","protected":false},"excerpt":{"rendered":"<p>Os\u0142ony termiczne Teknofibra\u00ae s\u0105 nietoksyczne oraz ca\u0142kowicie bezpieczne.<\/p>\n<p>Powsta\u0142y g\u0142\u00f3wne z my\u015bl\u0105 o zastosowaniu w lotnictwie oraz sportach wyczynowych.<\/p>\n<p>Maj\u0105 posta\u0107 lekkich i cienkich samoprzylepnych mat. Wyst\u0119puj\u0105 w nast\u0119puj\u0105cych grubo\u015bciach: 0,8mm | 2mm |4mm | 6mm | 10mm<\/p>\n","protected":false},"featured_media":286,"comment_status":"open","ping_status":"closed","template":"","meta":[],"product_brand":[],"product_cat":[80],"product_tag":[82,81],"class_list":{"0":"post-285","1":"product","2":"type-product","3":"status-publish","4":"has-post-thumbnail","6":"product_cat-materialy-termo-izolacyjne","7":"product_tag-mata-termiczna","8":"product_tag-oslona-termiczna","10":"first","11":"instock","12":"taxable","13":"shipping-taxable","14":"purchasable","15":"product-type-variable"},"_links":{"self":[{"href":"https:\/\/3d-innowacje.pl\/sklep\/wp-json\/wp\/v2\/product\/285","targetHints":{"allow":["GET"]}}],"collection":[{"href":"https:\/\/3d-innowacje.pl\/sklep\/wp-json\/wp\/v2\/product"}],"about":[{"href":"https:\/\/3d-innowacje.pl\/sklep\/wp-json\/wp\/v2\/types\/product"}],"replies":[{"embeddable":true,"href":"https:\/\/3d-innowacje.pl\/sklep\/wp-json\/wp\/v2\/comments?post=285"}],"wp:featuredmedia":[{"embeddable":true,"href":"https:\/\/3d-innowacje.pl\/sklep\/wp-json\/wp\/v2\/media\/286"}],"wp:attachment":[{"href":"https:\/\/3d-innowacje.pl\/sklep\/wp-json\/wp\/v2\/media?parent=285"}],"wp:term":[{"taxonomy":"product_brand","embeddable":true,"href":"https:\/\/3d-innowacje.pl\/sklep\/wp-json\/wp\/v2\/product_brand?post=285"},{"taxonomy":"product_cat","embeddable":true,"href":"https:\/\/3d-innowacje.pl\/sklep\/wp-json\/wp\/v2\/product_cat?post=285"},{"taxonomy":"product_tag","embeddable":true,"href":"https:\/\/3d-innowacje.pl\/sklep\/wp-json\/wp\/v2\/product_tag?post=285"}],"curies":[{"name":"wp","href":"https:\/\/api.w.org\/{rel}","templated":true}]}}