{"id":3031,"date":"2025-04-23T11:34:23","date_gmt":"2025-04-23T09:34:23","guid":{"rendered":"https:\/\/3d-innowacje.pl\/sklep\/?post_type=product&#038;p=3031"},"modified":"2025-09-08T10:39:34","modified_gmt":"2025-09-08T08:39:34","slug":"obudowa-wentylatorow-do-falownika-deye","status":"publish","type":"product","link":"https:\/\/3d-innowacje.pl\/sklep\/produkt\/wydruki-3d\/obudowa-wentylatorow-do-falownika-deye\/","title":{"rendered":"Obudowa wentylator\u00f3w do ch\u0142odzenia falownika deye"},"content":{"rendered":"<p>Obudowa\u00a0 na 3 wentylatory 120 mm do ch\u0142odzenia falownik\u00f3w DEYE.<\/p>\n<p>Doskona\u0142y spos\u00f3b na zmniejszenie temperatury falownika, kt\u00f3ry bardzo mocno si\u0119 nagrzewa.\u00a0 W przypadku falownika Deye 12kw wentylatory s\u0105\u00a0 na prawd\u0119 bardzo g\u0142o\u015bne.<\/p>\n<p>Zastosowanie dodatkowego ch\u0142odzenia pozwala na kontrol\u0119 temperatury i zapobiega w\u0142\u0105czaniu si\u0119 wentylator\u00f3w wbudowanych w falownik.<\/p>\n<p>W tym wariancie sprzedawana jest tylko obudowa wykonana w technologii druku 3D. Co istotne, jest ona wydrukowana jako 1 element, wi\u0119c nie ma potrzeby skr\u0119cania jej z mniejszych kawa\u0142k\u00f3w.<\/p>\n<p>Dodatkowo nale\u017cy dokupi\u0107 3x wentylator 120mm oraz sterownik pwm do sterowania pr\u0119dko\u015bci\u0105 wentylator\u00f3w.<\/p>\n<p>Oczywi\u015bcie mo\u017cna naby\u0107 ju\u017c z\u0142o\u017cony zestaw pod tym linkiem:<\/p>\n<p>&nbsp;<\/p>\n<p>Pasuje do nast\u0119puj\u0105cych falownik\u00f3w:<\/p>\n<ul>\n<li>Sun 5K SG04LP3-EU<\/li>\n<li>Sun 6K SG04LP3-EU<\/li>\n<li>Sun 8K SG04LP3-EU<\/li>\n<li>Sun 10K SG04LP3-EU<\/li>\n<li>Sun 12K SG04LP3-EU<\/li>\n<\/ul>\n","protected":false},"excerpt":{"rendered":"<p>Obudowa\u00a0 na 3 wentylatory 120 mm do ch\u0142odzenia falownik\u00f3w DEYE.<\/p>\n<p>Doskona\u0142y spos\u00f3b na zmniejszenie temperatury falownika, kt\u00f3ry bardzo mocno si\u0119 nagrzewa.\u00a0 W przypadku falownika Deye 12kw wentylatory fabryczne s\u0105\u00a0 na prawd\u0119 bardzo g\u0142o\u015bne, a zastosowanie dodatkowego ch\u0142odzenia zapobiega potrzebie ich cz\u0119stego za\u0142\u0105czania si\u0119.<\/p>\n<p>&nbsp;<\/p>\n<p>W tym wariancie sprzedawana jest tylko obudowa wykonana w technologii druku 3D. Dodatkowo nale\u017cy dokupi\u0107 3x wentylator 120mm oraz sterownik pwm do sterowania pr\u0119dko\u015bci\u0105 wentylator\u00f3w.<\/p>\n","protected":false},"featured_media":3032,"comment_status":"open","ping_status":"closed","template":"","meta":[],"product_brand":[],"product_cat":[42,75],"product_tag":[186,185,144,142,173],"class_list":{"0":"post-3031","1":"product","2":"type-product","3":"status-publish","4":"has-post-thumbnail","6":"product_cat-wydruki-3d","7":"product_cat-czesci","8":"product_tag-chlodzenie-deye","9":"product_tag-deye","10":"product_tag-ladowarka-ev","11":"product_tag-uchwyt-ladowarki-ev","12":"product_tag-uchwyt-typ2","14":"first","15":"instock","16":"taxable","17":"shipping-taxable","18":"purchasable","19":"product-type-simple"},"_links":{"self":[{"href":"https:\/\/3d-innowacje.pl\/sklep\/wp-json\/wp\/v2\/product\/3031","targetHints":{"allow":["GET"]}}],"collection":[{"href":"https:\/\/3d-innowacje.pl\/sklep\/wp-json\/wp\/v2\/product"}],"about":[{"href":"https:\/\/3d-innowacje.pl\/sklep\/wp-json\/wp\/v2\/types\/product"}],"replies":[{"embeddable":true,"href":"https:\/\/3d-innowacje.pl\/sklep\/wp-json\/wp\/v2\/comments?post=3031"}],"wp:featuredmedia":[{"embeddable":true,"href":"https:\/\/3d-innowacje.pl\/sklep\/wp-json\/wp\/v2\/media\/3032"}],"wp:attachment":[{"href":"https:\/\/3d-innowacje.pl\/sklep\/wp-json\/wp\/v2\/media?parent=3031"}],"wp:term":[{"taxonomy":"product_brand","embeddable":true,"href":"https:\/\/3d-innowacje.pl\/sklep\/wp-json\/wp\/v2\/product_brand?post=3031"},{"taxonomy":"product_cat","embeddable":true,"href":"https:\/\/3d-innowacje.pl\/sklep\/wp-json\/wp\/v2\/product_cat?post=3031"},{"taxonomy":"product_tag","embeddable":true,"href":"https:\/\/3d-innowacje.pl\/sklep\/wp-json\/wp\/v2\/product_tag?post=3031"}],"curies":[{"name":"wp","href":"https:\/\/api.w.org\/{rel}","templated":true}]}}