{"id":3076,"date":"2025-05-12T12:10:06","date_gmt":"2025-05-12T10:10:06","guid":{"rendered":"https:\/\/3d-innowacje.pl\/sklep\/?post_type=product&#038;p=3076"},"modified":"2025-06-11T13:32:37","modified_gmt":"2025-06-11T11:32:37","slug":"usuwanie-supportow-z-wydruku-3d","status":"publish","type":"product","link":"https:\/\/3d-innowacje.pl\/sklep\/produkt\/wydruki-3d\/usuwanie-supportow-z-wydruku-3d\/","title":{"rendered":"Usuwanie support\u00f3w z wydruku 3D"},"content":{"rendered":"<p>Wiemy, \u017ce usuwanie support\u00f3w to doskona\u0142a zabawa, dlatego zostawiamy j\u0105 Tobie!<\/p>\n<p>Je\u015bli jednak wolisz aby\u015bmy wykonali t\u0119 czynno\u015b\u0107 za ciebie, to mo\u017cemy to zrobi\u0107. Dodaj do koszyka tyle sztuk, ile element\u00f3w chcesz aby\u015bmy oczy\u015bcili.<\/p>\n","protected":false},"excerpt":{"rendered":"<p>Us\u0142uga usuni\u0119cia support\u00f3w z wykonanego u nas wydruku 3D. Dodaj do koszyka tyle produkt\u00f3w ile element\u00f3w chcesz aby\u015bmy oczy\u015bcili.<\/p>\n","protected":false},"featured_media":3088,"comment_status":"open","ping_status":"closed","template":"","meta":[],"product_brand":[],"product_cat":[42],"product_tag":[],"class_list":{"0":"post-3076","1":"product","2":"type-product","3":"status-publish","4":"has-post-thumbnail","6":"product_cat-wydruki-3d","8":"first","9":"instock","10":"taxable","11":"shipping-taxable","12":"purchasable","13":"product-type-simple"},"_links":{"self":[{"href":"https:\/\/3d-innowacje.pl\/sklep\/wp-json\/wp\/v2\/product\/3076","targetHints":{"allow":["GET"]}}],"collection":[{"href":"https:\/\/3d-innowacje.pl\/sklep\/wp-json\/wp\/v2\/product"}],"about":[{"href":"https:\/\/3d-innowacje.pl\/sklep\/wp-json\/wp\/v2\/types\/product"}],"replies":[{"embeddable":true,"href":"https:\/\/3d-innowacje.pl\/sklep\/wp-json\/wp\/v2\/comments?post=3076"}],"wp:featuredmedia":[{"embeddable":true,"href":"https:\/\/3d-innowacje.pl\/sklep\/wp-json\/wp\/v2\/media\/3088"}],"wp:attachment":[{"href":"https:\/\/3d-innowacje.pl\/sklep\/wp-json\/wp\/v2\/media?parent=3076"}],"wp:term":[{"taxonomy":"product_brand","embeddable":true,"href":"https:\/\/3d-innowacje.pl\/sklep\/wp-json\/wp\/v2\/product_brand?post=3076"},{"taxonomy":"product_cat","embeddable":true,"href":"https:\/\/3d-innowacje.pl\/sklep\/wp-json\/wp\/v2\/product_cat?post=3076"},{"taxonomy":"product_tag","embeddable":true,"href":"https:\/\/3d-innowacje.pl\/sklep\/wp-json\/wp\/v2\/product_tag?post=3076"}],"curies":[{"name":"wp","href":"https:\/\/api.w.org\/{rel}","templated":true}]}}